{"id":1425,"date":"2021-07-09T20:50:30","date_gmt":"2021-07-09T20:50:30","guid":{"rendered":"https:\/\/tsv-bigge-olsberg.de\/?page_id=1425"},"modified":"2025-04-14T10:00:24","modified_gmt":"2025-04-14T10:00:24","slug":"vorstand","status":"publish","type":"page","link":"https:\/\/tsv-bigge-olsberg.de\/?page_id=1425","title":{"rendered":"Vorstand"},"content":{"rendered":"\n<p>Der gesch\u00e4ftsf\u00fchrende Vorstand besteht aus vier gleichberechtigten Mitgliedern:<\/p>\n\n\n\n<ul><li>Matthias Herbst, Bruchstra\u00dfe 9a, 59939 Olsberg, 02962\/9769961<\/li><li>Stefan Kotthoff, Sachsenecke 5, 59939 Olsberg, 02962\/9782898<\/li><li>Wigbert Kreis, Leipziger Stra\u00dfe 9, 59939 Olsberg, 02962\/908811<\/li><li>Gregor Neuh\u00e4user, Sachsenecke 32a, 59939 Olsberg, 02962\/9769550<\/li><\/ul>\n\n\n\n<p>Der Verein wird gerichtlich und au\u00dfergerichtlich durch zwei Mitglieder dieses gesch\u00e4ftsf\u00fchrenden Vorstands vertreten.<\/p>\n","protected":false},"excerpt":{"rendered":"<div class=\"mh-excerpt\"><p>Der gesch\u00e4ftsf\u00fchrende Vorstand besteht aus vier gleichberechtigten Mitgliedern: Matthias Herbst, Bruchstra\u00dfe 9a, 59939 Olsberg, 02962\/9769961 Stefan Kotthoff, Sachsenecke 5, 59939 Olsberg, 02962\/9782898 Wigbert Kreis, Leipziger Stra\u00dfe 9, 59939 Olsberg, 02962\/908811 Gregor Neuh\u00e4user, Sachsenecke 32a, 59939 <a class=\"mh-excerpt-more\" href=\"https:\/\/tsv-bigge-olsberg.de\/?page_id=1425\" title=\"Vorstand\">[&#8230;]<\/a><\/p>\n<\/div>","protected":false},"author":2,"featured_media":0,"parent":0,"menu_order":0,"comment_status":"closed","ping_status":"closed","template":"","meta":{"ngg_post_thumbnail":0},"_links":{"self":[{"href":"https:\/\/tsv-bigge-olsberg.de\/index.php?rest_route=\/wp\/v2\/pages\/1425"}],"collection":[{"href":"https:\/\/tsv-bigge-olsberg.de\/index.php?rest_route=\/wp\/v2\/pages"}],"about":[{"href":"https:\/\/tsv-bigge-olsberg.de\/index.php?rest_route=\/wp\/v2\/types\/page"}],"author":[{"embeddable":true,"href":"https:\/\/tsv-bigge-olsberg.de\/index.php?rest_route=\/wp\/v2\/users\/2"}],"replies":[{"embeddable":true,"href":"https:\/\/tsv-bigge-olsberg.de\/index.php?rest_route=%2Fwp%2Fv2%2Fcomments&post=1425"}],"version-history":[{"count":5,"href":"https:\/\/tsv-bigge-olsberg.de\/index.php?rest_route=\/wp\/v2\/pages\/1425\/revisions"}],"predecessor-version":[{"id":1700,"href":"https:\/\/tsv-bigge-olsberg.de\/index.php?rest_route=\/wp\/v2\/pages\/1425\/revisions\/1700"}],"wp:attachment":[{"href":"https:\/\/tsv-bigge-olsberg.de\/index.php?rest_route=%2Fwp%2Fv2%2Fmedia&parent=1425"}],"curies":[{"name":"wp","href":"https:\/\/api.w.org\/{rel}","templated":true}]}}